its digit of (0 + f)/(2/(-8))?
8
Let h(y) = y**2 - 3*y + 6. Let s be h(4). Let o(g) = -2*g. Let t be o(-2). Suppose -t*w - w = -s. What is the units digit of w?
2
Let h(f) = -57*f**2 - 1. Let x(s) = -115*s**2 - 2. Let v(y) = -9*h(y) + 4*x(y). What is the tens digit of v(1)?
5
Suppose -3*x + 5*x = 4. Let n(r) = r**3 + 8*r**2 - 6*r + 27. Let f be n(-9). Suppose f = -s - 0 + x. What is the units digit of s?
2
Let f(q) = q**3 - 7*q**2 + 6*q - 1. Let r be f(6). Let b = r - -3. Suppose b*i + 4*v = 12, 4*i - 2*v + 0*v = 4. What is the units digit of i?
2
Let t(w) = 29*w**2 - w. Let s be t(-1). Suppose -s = -5*d - 0*d. What is the units digit of d?
6
What is the units digit of 11/55 - (-49)/5?
0
Let q(m) = -5 - 3*m - 1 + 0*m. What is the units digit of q(-8)?
8
Let l(f) = -f + 5. Suppose -5*p + c - 27 = 3, -2*p - 9 = -c. What is the tens digit of l(p)?
1
Suppose 3*o - 2*o = 3*v - 55, 0 = -4*v + o + 75. What is the units digit of v?
0
Let g(p) = 2*p**3 - 4*p**2 + 7*p - 3. What is the tens digit of g(4)?
8
Let f be 4/(-16) - 21/(-4). Suppose -f*o = -0*r - r - 4, -2*o + 3*r = 1. What is the units digit of o?
1
Let u(i) = -i**3 - 11*i**2 - i + 8. What is the tens digit of u(-11)?
1
Let g = 32 + -9. Let a = g - 14. What is the units digit of a?
9
Let q(w) = 2*w**2 + 5*w + 4. Let o(i) = -i**2 - 3*i - 2. Let k(f) = -9*o(f) - 4*q(f). What is the tens digit of k(-8)?
1
Suppose 5*d - 18 = 2. Suppose 1 = n - 4*v, 5*n - 5*v = d*n - 3. What is the tens digit of n?
1
Let j(f) = 2*f**2 - 2*f + 3. What is the units digit of j(2)?
7
Let v(r) = -r**3 + 10*r**2 - 6*r - 14. What is the units digit of v(9)?
3
Let h(q) = q**2 - 1. Let i(d) = -2*d**2 - 5*d + 2. Let l(r) = 3*h(r) + i(r). Let w be l(5). What is the units digit of (-99)/3*w/3?
1
What is the hundreds digit of 22*(-6)/4*(-90)/27?
1
Let h = -71 - -140. What is the units digit of h?
9
Let w(y) = 18*y - 2. Let d be w(3). Suppose x = -3*x + d. What is the units digit of x?
3
Suppose 33 = o - 51. Suppose 5*g = 2*g + o. What is the units digit of g?
8
What is the tens digit of (-4)/(-16) - (-87)/4?
2
What is the tens digit of 1 - (-125 - (-4)/1)?
2
What is the tens digit of 4/6*(0 - -1 - -53)?
3
Suppose 2*l - 25 - 37 = 0. What is the tens digit of l?
3
Let h = -8 - -2. Let f be 1/(-3) + (-92)/h. Suppose -f = -l - 6. What is the units digit of l?
9
Suppose -y + 24 = 5*y. Suppose -3*t + y*t - 15 = 2*u, 0 = t - 5*u - 9. What is the units digit of t?
9
Suppose 0 = -5*o - 20, 23 + 16 = t - o. What is the tens digit of t?
3
Let f(g) = -g**2 - 14*g - 12. What is the units digit of f(-13)?
1
Let i(q) = -7*q**2 - 12*q + 16. Let z(c) = -2*c**2 - 12*c + 31 - 11*c - 11*c**2. Let b(k) = -11*i(k) + 6*z(k). What is the units digit of b(-7)?
3
Let t(f) be the second derivative of -2*f**3/3 + 2*f**2 + 2*f. Let q be t(4). Let w = -7 - q. What is the units digit of w?
5
Suppose -3*q + 27 + 27 = 0. Suppose l - 2*c + 182 = 6*l, 0 = -l - 5*c + q. What is the units digit of l?
8
Let h = -27 - -53. What is the units digit of h?
6
Suppose 4*u = 3*u + 48. Let x = -32 + u. Suppose 3*l + x = 55. What is the tens digit of l?
1
What is the units digit of (-1 - -7)*(-143)/(-33)?
6
Suppose -2*n = n - 78. What is the tens digit of n?
2
Suppose -19 = v - 3. Let n(t) = -t**2 - 13*t - 12. Let s be n(-9). What is the units digit of v/(-3)*s/16?
8
Let u(d) = -d**2 + 14*d + 24. What is the units digit of u(12)?
8
Suppose a = -3*c + 136, 2*c - 40 - 44 = a. What is the tens digit of 580/c - 4/22?
1
Suppose -a = 2*t - 68, -3*t - 462 + 135 = -4*a. What is the tens digit of a?
7
Suppose -66 + 67 = f. What is the units digit of f?
1
Let u = 13 + -7. Let o be 0 + -3 + 21*1. Suppose -3*p - u = -o. What is the units digit of p?
4
Suppose 2*q - 31 = -s + 3*q, -2*s - 3*q + 87 = 0. What is the units digit of s?
6
Let v(k) = -122*k**3 + k**2 - k - 2. What is the hundreds digit of v(-1)?
1
Let m(x) = -2*x - 1. Let o be m(-5). Suppose 7*q - 4*q + o = 0. What is the units digit of (-1)/(q/(3*4))?
4
Let w(b) = -b + 25. What is the units digit of w(0)?
5
Let q(w) = w**2 + 3*w - 2. Let v be q(-5). Let o = -5 + v. Suppose 4*p - m + 12 = 3*m, -5*p + o*m = 5. What is the units digit of p?
2
Let m(k) be the first derivative of 2*k**2 + k - 2. Let x(j) = -j + 5. Let q be x(3). What is the units digit of m(q)?
9
Suppose 101 = r + 32. What is the units digit of r?
9
Let g(q) = q - 6. Let o be g(10). What is the units digit of o/(-8)*-6 - -26?
9
Let k(c) = 2*c**2 + c + 30. Let v be k(0). Suppose l = 9 + v. What is the tens digit of l?
3
Suppose b = -5*m + 5, b - 7 + 2 = 2*m. Suppose -7*t - 6 = -3*h - 4*t, -b*t = 10. What is the units digit of 5 - h - 2/(-2)?
6
Suppose -4*o + 5*z = -1057, 1355 = 10*o - 5*o + 5*z. What is the tens digit of o?
6
What is the tens digit of -38*(2/(-6) + (-3)/18)?
1
Let x(k) = -2*k - 6. Let q be x(-5). Suppose -3*g + 2*p + 19 = 0, -31 = -5*g + 8*p - q*p. What is the units digit of g?
7
Suppose -5*o + 2 = -3. Let a(n) = 5*n. Let l be a(o). Suppose -l*f = -9 - 31. What is the units digit of f?
8
Suppose -t - 10 = t. Let w = 57 - 39. Let f = w + t. What is the tens digit of f?
1
Let o(b) = -3*b - 3. Let f be o(-4). Let i be (-4)/(-6)*3 - 1. Let j = f - i. What is the units digit of j?
8
Suppose 0*p = 4*p - 64. Let a(x) = x - 2. What is the units digit of a(p)?
4
Let r(s) = -s**2 + 12*s + 13. Let q be r(13). Suppose -2*w + 34 = -q*w. What is the units digit of w?
7
Let b be (-13 - -12) + 1/1. Suppose 2*h - 2*p = 78, b = -4*h - 4*p + 2*p + 132. What is the tens digit of h?
3
Let d = 416 + -236. What is the hundreds digit of d?
1
Let s = -2 + 2. Suppose s = -5*v - t + 40, -v = 2*t - 9 - 8. Let m = v - 2. What is the units digit of m?
5
Let l be (-218)/6 - 1/(-3). Let q be l/((-2 - 2) + 3). Suppose r = -4*m - 1 - 1, 2*r - 2*m = q. What is the units digit of r?
4
Let x be 2*(0 - -1) - 0. Let u(c) = c**2 - 6*c + 0*c + 4 + 0*c**x. What is the units digit of u(6)?
4
What is the tens digit of 1 + -2*(-291)/6?
9
Suppose 13 = 5*f - 2. Let b(k) = -1 - f*k + 4 + 1 + 3*k**2. What is the tens digit of b(3)?
2
Suppose -4*k + 48 = 2*d, 4*k + 45 = d - 9. What is the tens digit of d?
3
Suppose 2*c - 146 = -3*t, -243 = -5*t - 0*c - 3*c. What is the tens digit of t?
4
Suppose 8 = 2*z - 0. Let f(g) = -g**2 + 3*g + 7. What is the units digit of f(z)?
3
Suppose -3*w + 163 - 43 = 0. What is the units digit of w?
0
Let m = -28 + 110. Suppose -2*r - m = -4*r + 3*h, 3*h = 4*r - 158. What is the units digit of r?
8
Let l = -11 + 23. Suppose 0 = -3*m + m - l. Let p = 10 + m. What is the units digit of p?
4
Let a(c) = 2*c**2 - 2*c - 3*c + 6*c**2 - 6*c**2 + 4. Let s be 1/(1/(1 + 2)). What is the units digit of a(s)?
7
Suppose 2*k = 34 + 8. What is the tens digit of k?
2
Let w(h) = -h + 5. Let u be w(5). Suppose u = 4*t + 3*c - 36, 3*t + c + 2 = 4*t. What is the units digit of t?
6
Let r(v) = -13*v - 1. Let q be r(2). Let n = -8 - q. What is the tens digit of n?
1
Let g be (-12)/10*15/(-6). Suppose u + 23 = t + g*t, 5*t - 27 = 3*u. Let j = -3 + t. What is the units digit of j?
3
Let i = 115 + -66. What is the tens digit of i?
4
Let k(y) = 2*y + 3. Let s be k(3). Suppose 0 = z + 2*z - s. Suppose 3*m + 25 - 71 = 4*v, -3*v = -z*m + 42. What is the tens digit of m?
1
Let g be (-1)/4 - (-1)/4. Suppose -3*s + 9 = -g*s. Suppose -3*r + s = -0. What is the units digit of r?
1
Let c(s) = -3*s - 1. Let o be c(-6). Suppose -q - 47 = -5*r + 17, 4*q - 32 = -4*r. Let y = o - r. What is the units digit of y?
5
Let s = -5 - -9. What is the units digit of 39/3*s/4?
3
Let s(g) = -g**3 + 8*g**2 - 10*g + 8. Let q be s(6). Suppose 0 = -2*a + q + 2. What is the units digit of a?
1
Let l = 11 - -42. Suppose -4*g + 55 - 19 = 4*w, 10 = 5*w - 2*g. Suppose w*c = -9 + l. What is the units digit of c?
1
Let n = 548 - 363. What is the tens digit of n?
8
Let m be (-548)/12 - 8/(-12). What is the units digit of (-4)/(-3)*m/(-10)?
6
Suppose 44 = -9*b + 8*b. Let v = b + 85. What is the tens digit of v?
4
Suppose -3*q + 20 = 2*q. What is the units digit of (25/10)/(5/q)?
2
Let z(f) = -4*f - 3. Let s be z(-10). Suppose 3 = b - s. What is the units digit of b?
0
Suppose 3*x - 2*x - 3 = 0, 6 = -3*i + 5*x. Suppose i*t - 3 = -0. What is the units digit of t/(-4) + (-42)/(-8)?
5
Let j(s) be the second derivative of -s**4/12 + 